785 and 153.
51
What is the highest common factor of 145 and 551?
29
Calculate the highest common divisor of 86 and 8729.
43
What is the greatest common divisor of 387 and 43?
43
Calculate the highest common divisor of 24275 and 25.
25
What is the greatest common divisor of 328 and 88?
8
What is the highest common divisor of 680 and 1105?
85
What is the greatest common factor of 122 and 2?
2
What is the greatest common factor of 160 and 15?
5
What is the highest common factor of 33 and 121?
11
What is the greatest common divisor of 53 and 689?
53
Calculate the highest common divisor of 570 and 4750.
190
What is the highest common factor of 12 and 354?
6
What is the greatest common factor of 424 and 583?
53
Calculate the highest common factor of 40 and 1720.
40
Calculate the highest common factor of 752 and 94.
94
What is the highest common factor of 65 and 78?
13
What is the greatest common factor of 189 and 54?
27
Calculate the greatest common factor of 236 and 28.
4
What is the greatest common factor of 2495 and 5?
5
Calculate the greatest common divisor of 2673 and 44.
11
What is the greatest common divisor of 11773 and 193?
193
Calculate the greatest common divisor of 455 and 260.
65
Calculate the greatest common divisor of 1400 and 75.
25
What is the greatest common factor of 105 and 60?
15
Calculate the greatest common factor of 837 and 1023.
93
What is the highest common divisor of 363 and 1485?
33
Calculate the greatest common factor of 36 and 1416.
12
Calculate the greatest common divisor of 77 and 3157.
77
What is the greatest common divisor of 220 and 100?
20
What is the greatest common factor of 162 and 5319?
27
Calculate the greatest common factor of 319 and 6989.
29
Calculate the highest common divisor of 806 and 31.
31
Calculate the greatest common factor of 4175 and 200.
25
What is the greatest common divisor of 1705 and 589?
31
What is the greatest common divisor of 117 and 2067?
39
What is the greatest common divisor of 18 and 39762?
18
Calculate the highest common factor of 70 and 112.
14
What is the highest common factor of 37 and 1184?
37
What is the greatest common divisor of 3002 and 76?
38
Calculate the highest common divisor of 2964 and 836.
76
What is the highest common factor of 7 and 56?
7
What is the highest common divisor of 363 and 6413?
121
What is the greatest common divisor of 51 and 1003?
17
What is the greatest common factor of 160 and 520?
40
Calculate the highest common divisor of 7 and 3.
1
What is the highest common divisor of 24 and 444?
12
What is the greatest common divisor of 21 and 105?
21
What is the greatest common factor of 2451 and 129?
129
What is the highest common factor of 84 and 372?
12
Calculate the highest common divisor of 6616 and 8.
8
What is the greatest common divisor of 1647 and 427?
61
Calculate the highest common factor of 60 and 12.
12
Calculate the highest common factor of 21392 and 224.
112
Calculate the highest common divisor of 50808 and 8.
8
What is the greatest common factor of 140 and 252?
28
Calculate the highest common divisor of 190 and 20.
10
Calculate the greatest common factor of 152 and 342.
38
What is the highest common divisor of 40 and 8?
8
What is the greatest common factor of 18 and 1098?
18
What is the highest common divisor of 14 and 4?
2
Calculate the greatest common factor of 75 and 6.
3
What is the highest common divisor of 120 and 160?
40
Calculate the greatest common factor of 749 and 7.
7
Calculate the highest common factor of 1085 and 3038.
217
What is the greatest common divisor of 154 and 28?
14
What is the highest common factor of 1457 and 141?
47
Calculate the greatest common factor of 1653 and 912.
57
What is the highest common divisor of 12025 and 390?
65
What is the greatest common factor of 3 and 25?
1
What is the greatest common factor of 6 and 633?
3
Calculate the highest common divisor of 67 and 1273.
67
Calculate the highest common divisor of 225 and 288.
9
Calculate the greatest common factor of 119 and 136.
17
Calculate the greatest common factor of 75 and 135.
15
Calculate the greatest common factor of 85 and 20.
5
What is the greatest common factor of 9 and 105?
3
Calculate the greatest common factor of 2050 and 779.
41
What is the greatest common factor of 18 and 738?
18
What is the highest common divisor of 256 and 33152?
128
Calculate the highest common factor of 100 and 320.
20
Calculate the highest common divisor of 10 and 1755.
5
What is the highest common divisor of 135 and 5?
5
Calculate the greatest common factor of 13332 and 132.
132
Calculate the highest common divisor of 72 and 828.
36
What is the greatest common factor of 15 and 400?
5
What is the greatest common divisor of 364 and 260?
52
Calculate the greatest common divisor of 31 and 527.
31
What is the highest common divisor of 338 and 130?
26
Calculate the highest common divisor of 234 and 6.
6
Calculate the greatest common divisor of 945 and 855.
45
Calculate the highest common factor of 40 and 2680.
40
Calculate the greatest common divisor of 992 and 128.
32
Calculate the highest common factor of 46 and 6.
2
Calculate the highest common divisor of 22 and 3663.
11
Calculate the greatest common divisor of 1713 and 33.
3
Calculate the highest common factor of 14 and 224.
14
What is the greatest common divisor of 6 and 8562?
6
Calculate the highest common factor of 42 and 126.
42
What is the greatest common factor of 2943 and 763?
109
What is the greatest common divisor of 16 and 8?
8
Calculate the highest common divisor of 152 and 76.
76
What is the greatest common factor of 32424 and 168?
168
What is the greatest common divisor of 708 and 5428?
236
Calculate the greatest common divisor of 10956 and 132.
132
What is the highest common factor of 339 and 1808?
113
What is the greatest common factor of 224 and 140?
28
What is the greatest common divisor of 45 and 795?
15
What is the greatest common factor of 435 and 15?
15
What is the highest common divisor of 47 and 47?
47
What is the greatest common divisor of 1800 and 1056?
24
Calculate the highest common divisor of 385 and 154.
77
Calculate the greatest common divisor of 425 and 34.
17
What is the greatest common divisor of 594 and 378?
54
What is the greatest common factor of 41 and 1?
1
What is the greatest common factor of 78 and 2444?
26
What is the greatest common divisor of 2810 and 5?
5
What is the highest common divisor of 95 and 10?
5
Calculate the highest common divisor of 644 and 308.
28
Calculate the highest common factor of 82 and 1.
1
What is the greatest common divisor of 189 and 504?
63
Calculate the highest common divisor of 114 and 1536.
6
Calculate the greatest common divisor of 15 and 405.
15
What is the greatest common factor of 89 and 178?
89
What is the greatest common factor of 58 and 841?
29
Calculate the highest common factor of 168 and 602.
14
What is the highest common divisor of 23 and 598?
23
What is the highest common factor of 70 and 4?
2
What is the highest common factor of 43 and 473?
43
Calculate the greatest common divisor of 10 and 205.
5
Calculate the greatest common divisor of 286 and 390.
26
Calculate the highest common divisor of 66 and 154.
22
What is the highest common divisor of 48 and 114?
6
Calculate the greatest common factor of 9955 and 15.
5
What is the highest common divisor of 51 and 6?
3
Calculate the highest common factor of 96 and 8384.
32
Calculate the highest common factor of 69 and 1702.
23
Calculate the greatest common factor of 46 and 1472.
46
Calculate the greatest common divisor of 2486 and 339.
113
What is the highest common divisor of 32 and 136?
8
Calculate the highest common factor of 3171 and 63.
21
Calculate the greatest common factor of 144 and 384.
48
Calculate the greatest common divisor of 791 and 452.
113
What is the greatest common divisor of 200 and 125?
25
Calculate the greatest common divisor of 10 and 90.
10
What is the highest common factor of 126 and 315?
63
What is the highest common factor of 64 and 8?
8
Calculate the greatest common factor of 33908 and 98.
98
Calculate the greatest common factor of 2586 and 6.
6
Calculate the highest common factor of 38 and 133.
19
What is the highest common factor of 168 and 210?
42
What is the grea